.
19
Let u(v) = 2*v - 3. Let a be u(3). Let x be (a/(-3) - 0)/(-1). Calculate the highest common divisor of 1 and x.
1
Suppose 3*y - 7*y = -12. Suppose 20 = y*j - 1. What is the greatest common factor of j and 63?
7
Let s = 59 + -35. Let j = -29 - -89. Calculate the highest common divisor of s and j.
12
Let a(i) = -i**2 + 15*i - 6. Let s be a(14). Calculate the greatest common factor of 8 and s.
8
Let v be (-24)/6*2/(-4). Suppose 0 = -0*n - v*n + 16. What is the greatest common factor of n and 8?
8
Let q be -4 - 4/(-2) - -29. Let c = -121 - -124. What is the greatest common divisor of c and q?
3
Let g be (12/(-15))/((-8)/20). Let h be (4/(-8) - -1)*g. What is the highest common factor of h and 9?
1
Suppose q = -q - 6. Let v be (-1)/4*q*28. What is the highest common divisor of v and 3?
3
Suppose 5*y + 45 = 5*z, -3*y = 5*z - 16 - 13. Calculate the highest common divisor of z and 1.
1
Suppose -23 - 7 = -5*l. Calculate the greatest common factor of l and 9.
3
Let z be ((-8)/6 + 2)*6. Let d(t) = 4*t + 8. Suppose 0 = -0*q - 4*q + 24. Let s be d(q). Calculate the highest common divisor of z and s.
4
Suppose s + 0 = 11. Suppose -55 = -s*j + 6*j. What is the greatest common factor of j and 88?
11
Let o = -20 - -21. Suppose o = p - 3*b, 5*p - 18 = 4*b - 2*b. Let h(c) = 2*c**2 + 2*c. Let i be h(2). What is the greatest common divisor of i and p?
4
Let f(a) = -27*a - 2. Let l be f(-1). What is the highest common divisor of l and 100?
25
Suppose -69 - 211 = -2*u. Let z = -45 + u. Suppose -5*y - 30 = -z. Calculate the greatest common divisor of y and 143.
13
Suppose 0 = 2*q + 372 - 1040. Let c = -225 + q. Let w = c - 61. What is the greatest common divisor of w and 12?
12
Let n be (-2)/7 - 136/14. Let a be 1183/(-78) + 2/12. Let w = n - a. What is the greatest common divisor of 5 and w?
5
Suppose 60 = 5*w - m, 3*m = -0*w - 3*w + 36. Let j = 14 - -58. Calculate the highest common factor of j and w.
12
Let h = 0 + 3. Suppose -h*g + 16 = g. What is the highest common factor of 44 and g?
4
Let u be -4 + 1854/6 - -3. What is the highest common factor of u and 28?
28
Suppose 0 = i - 3 - 3. Calculate the greatest common divisor of i and 9.
3
Let i(n) = -n**2 - n - 4. Let u be i(0). Let r(y) = -9*y - 3. Let j be r(u). What is the highest common divisor of 11 and j?
11
Suppose 5*h + 17 = 2*d - d, -53 = -4*d + 5*h. Suppose -2*z = 2*z - 528. What is the highest common divisor of d and z?
12
Let w(b) = -58*b - 12. Let i be w(-6). Calculate the greatest common factor of 48 and i.
48
Suppose -1 = -3*n + 2. Let k = n - -39. Calculate the highest common divisor of k and 8.
8
Let g(l) = 7*l**3 + 5*l**2 + 2*l - 8. Let q be g(4). What is the highest common factor of q and 48?
48
Let l(g) = 0 - 5*g + 2 + 4*g + 7*g**2. Let j be ((-5)/2)/((-5)/4). Let r be l(j). What is the greatest common divisor of r and 4?
4
Let m = -1 - -1. Suppose -5*j = -q + 31, -7 = -m*q + 3*q + 5*j. Suppose 5*b = 2*l + 13, 2*b = 2*l + 3*b - 17. What is the highest common divisor of q and l?
6
Let s(q) = -q + 55. Let u be s(0). Calculate the greatest common factor of 11 and u.
11
Let r be 1575/10*(-12)/(-9). What is the highest common divisor of r and 60?
30
Let w = 7 - -23. Calculate the highest common factor of w and 6.
6
Suppose 6*o - 118 + 28 = 0. Calculate the greatest common factor of 135 and o.
15
Let s be ((-4)/(-12))/(2/54). Let t be (-14)/(-2)*s*1. Calculate the highest common divisor of t and 7.
7
Let n = -99 + 108. What is the greatest common divisor of 126 and n?
9
Let h(i) = -2*i + 4. Let l be h(-4). Let n be -6*(-3 + 6/3). Calculate the highest common divisor of n and l.
6
Let n(u) = 32*u**2 + u - 1. Let m be n(1). Calculate the greatest common divisor of 160 and m.
32
Suppose 9*x - 6*x - 30 = 0. What is the highest common divisor of 90 and x?
10
Suppose 5*o = -15, 4*g + 4*o = -o + 65. Suppose -j - 2*j = 9. Let d = j + g. What is the greatest common factor of 17 and d?
17
Suppose a - 3 - 2 = 0. Suppose -13 = a*v - 6*v. What is the greatest common factor of 91 and v?
13
Let v(k) = -k**2 - 18*k + 8. Let x be v(-16). Calculate the greatest common factor of x and 5.
5
Let q = 9 - 7. Suppose -2*r = -m + 15 - 3, -2*r = q. What is the highest common divisor of 10 and m?
10
Let t(z) = -z**3 + 3 + 3*z**3 - 1 - 1 - z**2. Let m be t(2). Suppose 2*q - m = 9. What is the highest common factor of q and 1?
1
Let u be (13 - -1)*594/21. Suppose 4*c = -3*b + 22 + u, 5*c - 528 = -b. Suppose -c = -4*k - 10. What is the greatest common divisor of k and 3?
3
Suppose -2*o - 3 = -57. Let z(q) = q**3 + 3. Let a be z(0). What is the highest common factor of o and a?
3
Let w be 2/(-3 + 87/27). Calculate the greatest common factor of w and 6.
3
Suppose -5*n + 8*n - 272 = -5*q, 4*n = 16. Calculate the highest common factor of q and 78.
26
Suppose 0 = 6*u - 114 - 222. Calculate the highest common divisor of 7 and u.
7
Suppose -v = -3*v + 10. Suppose 31 = v*l + 6. Calculate the highest common divisor of 10 and l.
5
Let l(t) = t**2 + 7*t - 8. Let d be l(-8). Let p be 20 - (2 + d/(-3)). Calculate the greatest common divisor of 12 and p.
6
Let u(l) = 5*l**2 - 2*l - 2. Let k be u(2). Let s = -4 - -11. What is the highest common factor of s and k?
7
Let p = 53 + 37. Calculate the greatest common divisor of 135 and p.
45
Suppose -2*x = 3*i - 7*x - 160, 2 = -x. Suppose 4*n = w - 10 + 4, 4*w - 11 = 3*n. Let s be 76 + 3 - (6 - w). Calculate the highest common factor of i and s.
25
Let g(b) = -b**3 + 24*b**2 - 23*b + 12. Let p be g(23). What is the highest common factor of p and 36?
12
Let q = -296 + 520. Let y be (39/26)/(6/q). Calculate the highest common divisor of 14 and y.
14
Let d(f) = -f**3 + f**2. Let n be d(-4). What is the greatest common factor of n and 10?
10
Suppose 4*r + 3 = r - 3*b, 15 = -5*b. Suppose 4 = -2*i + i, 5*k = -r*i + 192. Calculate the highest common factor of 16 and k.
8
Suppose -m + 4 = m. Let v(l) = -l**2 + 8*l + 12. Let r be v(9). Let a = r + 1. What is the greatest common factor of a and m?
2
Let k(h) = -4*h**3 - 2*h**2 + h - 2. Let s be k(-2). Calculate the greatest common divisor of s and 100.
20
Let g be 3 + 1 + 279 - -1. Suppose g = 3*q + 14. Calculate the highest common divisor of q and 36.
18
Let n be -1 - (1 + -1 + -2). Suppose 3*z = -2*z. Let h be (n - z)/(1/23). Calculate the highest common factor of h and 23.
23
Let o be (-212)/(-3) + (28/12 - 3). What is the highest common divisor of o and 10?
10
Let q(w) = w + 2. Let x be q(-2). Let i be 4*17 - -2 - x. What is the greatest common divisor of 10 and i?
10
Suppose 2*d - 2*k - 42 = 0, -3*d + 5*d = -3*k + 17. Suppose 34*g = 32*g + 96. What is the highest common factor of g and d?
16
Let z be 0 - (-4 + 2) - 9. Let n(p) = -4*p - 6. Let r be n(z). What is the highest common factor of 66 and r?
22
Suppose 9 = -4*c + 25. Suppose -c*y - y + 75 = 0. Calculate the greatest common divisor of 5 and y.
5
Let p(u) = -u**2 + 10*u - 1. Let v be p(5). Suppose 22 + 8 = 5*o. Calculate the greatest common divisor of o and v.
6
Suppose 5*a = 2*p + 109, -1 - 2 = -p. Let y(z) = 5*z**2 - 2*z. Let d be y(5). Calculate the greatest common divisor of d and a.
23
Let n = 611 + -587. Let x(o) = -o + 13. Let r be x(6). Suppose -r*s = -4*s - 24. Calculate the highest common divisor of n and s.
8
Let u(n) = 7*n**2 + 3*n**3 + 4*n**3 + 4*n - 6*n**3 - 2*n**2. Let d be u(-3). What is the highest common divisor of d and 6?
6
Suppose 3*o + o = 60. Calculate the greatest common divisor of 75 and o.
15
Let l be 32/(-12)*6/4. Let h be 4 + (-2 - (-1)/1). Let r be (-9)/6*l/h. What is the greatest common divisor of r and 10?
2
Let i be (3 - (-18)/(-10))*5. What is the greatest common divisor of 12 and i?
6
Let n(v) = 2*v**2 - 2. Let a be n(-5). Calculate the greatest common divisor of a and 16.
16
Let d(z) = -34*z - 2. Let k be d(-1). What is the greatest common divisor of k and 96?
32
Suppose 2*x = -x + 3. Let d be 2 + x - 4/(-1). What is the highest common factor of 63 and d?
7
Suppose 0*z + 2*z - 8 = 0. Let v(r) = -r**3 + 4*r**2 - r - 2. Let h be v(3). Calculate the highest common divisor of h and z.
4
Let q be 4*(-2 - (-15)/6). Suppose 10 + q = 2*m. Calculate the highest common factor of 42 and m.
6
Suppose -4*y + 7*y = 9. Suppose -v = -0*v - 2. Suppose -v*d - 33 = -3*d. Cal